7 + 50. List the prime factors of r.
2, 13
Suppose -4*m - 1475 = 653. What are the prime factors of (-4)/(-18) - m/36?
3, 5
Let l(g) = g**3 - 7*g**2 + g - 3. Let p be l(7). Suppose 2 = -3*h + p*h. List the prime factors of h.
2
Let c = 10 - 19. Let r(d) = 8*d + d**2 + 0*d**2 - 3 + 4. What are the prime factors of r(c)?
2, 5
Let l = 23 + 44. What are the prime factors of l?
67
Let d = 10 - 7. Suppose 4*c + 2 = -h + 25, -d*c + 9 = 0. List the prime factors of h.
11
Let r(b) = -2*b - 6. Let p be r(-4). Suppose -6*o + 4*o - p*l + 16 = 0, -3*o + 34 = -2*l. What are the prime factors of o?
2, 5
Suppose a - 16 = 5*f + 30, 0 = -4*a - 3*f + 92. Let l(k) = -2*k - 8. Let s be l(-6). Suppose 12 = -3*d, -c + 0*d + s*d + a = 0. What are the prime factors of c?
2, 5
Let m(h) = h**3 + 7*h**2 + 4. Let n be m(-7). Suppose 2*o - n*o + 86 = 0. Suppose y = -5*p - y + o, 2*y - 16 = -2*p. What are the prime factors of p?
3
Suppose -110 = -2*m - 3*m. What are the prime factors of m?
2, 11
Suppose 0*r = -4*x - r + 1307, -5*x + 1655 = -3*r. List the prime factors of x.
2, 41
Let s = 10 + 25. List the prime factors of s.
5, 7
Let b(y) = 2*y**2 + 2*y**3 + 8 - 9 - 2*y**2 - 2*y. What are the prime factors of b(2)?
11
Suppose -4*o - 4 = -3*f, 4*f + 2*o + 0 = -2. Suppose 5*g - 2*g - 135 = f. List the prime factors of g.
3, 5
Let d = 289 - -17. List the prime factors of d.
2, 3, 17
Let z(t) = -t**3 + 7*t**2 + t - 2. List the prime factors of z(-5).
293
Let k(l) = -l**2 + 29*l - 55. What are the prime factors of k(11)?
11, 13
Suppose 4*w - 88 = 2*w. What are the prime factors of w?
2, 11
Let s = -4 + 0. Let n = 1 - s. What are the prime factors of n?
5
Let t(c) = -c**2 + 10*c - 7. Let z = -8 - -10. Suppose -z*v = -6*v + 24. List the prime factors of t(v).
17
Suppose -3*b + b = -4. Let t(h) = 0*h + 2*h + 3 + 4*h**2 - 2*h**b. What are the prime factors of t(-3)?
3, 5
Let z(q) = q**3 - 4*q**2 + q. Let i be z(2). Let b = i - -9. What are the prime factors of b?
3
Let p(g) = g - 7. Let t be p(8). Let z be 1 + t/((-3)/(-9)). Suppose 0*h - z*h = -24. What are the prime factors of h?
2, 3
Let v(f) = 0*f + 0 + 4 + f. Let w be v(-2). List the prime factors of 10 + (-4)/(0 - w).
2, 3
Suppose -w = 1 + 4, -5*m + 4*w + 100 = 0. Let v be ((-6)/(-2) + 1)*9. Let u = v - m. List the prime factors of u.
2, 5
Suppose 5*d + 17 = 42. List the prime factors of (d - -37) + 4/2.
2, 11
Let s(t) = t**2 - 6*t - 5. Let b be s(6). List the prime factors of 3 - b*(2 - -2).
23
Let k(f) = f**2 + 8*f - 6. Let i be k(-5). Let a = -12 - i. List the prime factors of a.
3
Let y(i) = -12*i - 32. Let p(u) = u + 3. Let a(k) = -68*p(k) - 6*y(k). List the prime factors of a(8).
2, 5
Let m(n) = 4*n - 18*n - 13*n**2 + 0*n**3 - 17 - n**3. Let x be m(-12). Let w = x - 0. List the prime factors of w.
7
Let g(n) be the third derivative of n**4/12 - n**3/6 + n**2. Let h be g(2). Suppose -5*d + r = -13, -h*d + d - r = -8. List the prime factors of d.
3
What are the prime factors of (-25)/10*252/(-10)?
3, 7
Suppose 264 = -5*g + 819. What are the prime factors of g?
3, 37
Suppose -g + 4 = 3*o, -3*o + 0*g = 5*g + 16. Let b = o + 6. List the prime factors of b.
3
Let p be 2/(-1) - (-7 - 3). Suppose -n - 2*n + 18 = 3*d, -2*d = n - p. List the prime factors of n.
2
Suppose 0 = 4*w - 74 - 62. List the prime factors of w.
2, 17
Suppose -4*y + 30 = 2*j + j, 2*y - 18 = -3*j. What are the prime factors of y?
2, 3
Suppose 37 = -3*s - 2*c + 208, 0 = 5*s - 2*c - 269. List the prime factors of s.
5, 11
Let g(m) be the first derivative of -7*m**2/2 - m - 2. Let r be g(-2). Suppose -q = 3*q - 5*h - 5, -r = -2*q - h. What are the prime factors of q?
5
Let a = -7 + 11. Let i(n) = n - 2. Let y be i(a). What are the prime factors of 8 - (y + 12/(-3))?
2, 5
Suppose 2*g + 3 + 1 = 0. Let q be 19/2 + (-3)/(-6). Let p = g + q. What are the prime factors of p?
2
Suppose -569 - 535 = -6*o. What are the prime factors of o?
2, 23
Suppose 7*d = 3*d - 136. Let o = 55 + d. What are the prime factors of o?
3, 7
Let f(z) = z**3 - 6*z**2 - 8*z + 4. Let y be f(7). Let w be (y - -7)*(-1)/(-2). Suppose -w*g - 14 - 32 = -4*r, 0 = -5*r + 4*g + 65. List the prime factors of r.
3
Let h(i) = 8*i - 1. Let y(u) = -u**2 + 4*u + 7. Let a be y(5). List the prime factors of h(a).
3, 5
Suppose -o = -5*o + 12. Suppose -3*i = 3, -o*w - 2*w = -2*i - 27. What are the prime factors of w?
5
Suppose -2*t + 32 = -2. Let g = 15 + t. What are the prime factors of g?
2
Suppose 91 - 35 = 4*u. Suppose 4 = 2*y, -w - 3*y + 16 = -8*y. Suppose 4*a - u = w. What are the prime factors of a?
2, 5
Let c = 2 + 5. What are the prime factors of c?
7
List the prime factors of (-4)/(-22) - (-1242)/66.
19
Let k(q) = -q**2 - 11*q - 6. List the prime factors of k(-5).
2, 3
Suppose l = s + 7, 3*s - 11 - 4 = -3*l. What are the prime factors of (16/(-10))/(l/(-105))?
2, 7
Suppose a - 11 = -0*a. Let m = a + -4. Suppose 3*l - m = -3*q - 1, 3*l = -4*q + 12. List the prime factors of q.
2, 3
Let b(y) = -7*y + 15. List the prime factors of b(-8).
71
Suppose 2*s + 4*i = 84, -2*i + 174 = 5*s - 44. List the prime factors of s.
2, 11
Let q(r) = r**3 - 2*r**2 - r + 4. Let t be q(3). Suppose 4*w = -w + o + 10, -4*o + t = 5*w. List the prime factors of w.
2
Let k be 21*(-3 - -1)/(-2). Suppose -4*v + 31 = j, v - 110 = -3*j + 6*v. Let n = j - k. List the prime factors of n.
2, 7
Suppose 3*d - 226 = 5*h - 53, 3*d - 187 = -2*h. Suppose 3*o = d - 7. What are the prime factors of o?
2, 3
Let m(n) = -9 - n**2 - 3 + 3 + 8*n. Let s be m(6). What are the prime factors of (-1 - s)*(-2 + 0)?
2
Let w = -5 + 84. List the prime factors of w.
79
Let o = 3 - 2. Suppose -6*n + 2*n = -16, -o = 3*i - n. Suppose -5*a - i = -m - 23, -5*a - m = -28. List the prime factors of a.
5
Suppose -3*x - 28 = -91. List the prime factors of x.
3, 7
Suppose 0 = -3*n + 2 + 7. Suppose -2*q + 16 = n*m, 5*q - 3*m = -6*m + 22. List the prime factors of q.
2
Let m(h) = h**2 + 5*h - 7. Let x be m(-6). List the prime factors of 1/(3/(x + 55)).
2, 3
What are the prime factors of -2*(124/(-8) - -2)?
3
Suppose -19*l + 14*l = -30. List the prime factors of ((-28)/l)/(8/(-24)).
2, 7
Suppose -11 + 1 = -5*r. Suppose 14 = -j + r*j. List the prime factors of j.
2, 7
Let u(l) = 0*l - 2*l**2 - 7 - l**3 - l + 4*l - 3*l**2. List the prime factors of u(-6).
11
Suppose k = -4*k + 1300. Suppose -2*b = -7*b + k. List the prime factors of 3*(b/(-3))/(-4).
13
Suppose z - 5*z = -84. List the prime factors of z.
3, 7
Let g(t) = t + 1. Let s be g(0). Suppose 4*p + 9 = 41. Let n = p - s. List the prime factors of n.
7
Suppose 0*o = -3*o + 96. List the prime factors of o.
2
Suppose -5 = -3*s + 1, -32 = -v - 2*s. Suppose -4*q = 4*j - v, -4*q + 8 = -2*q - j. Suppose q*w - 22 = 43. What are the prime factors of w?
13
Let p be 0 + 11/((-33)/(-270)). Suppose 55 = 3*r + 2*r + 3*v, -4*v = -5*r + p. What are the prime factors of r?
2, 7
Let u be 4/2 + -4 + 2. Suppose -b - 2*b + 6 = u. List the prime factors of 11 - (-1 - (-4 + b)).
2, 5
Let s = -27 - -190. List the prime factors of s.
163
Suppose -29 = -5*n + 3*i, 14 = 5*n + 3*i - i. Suppose n*l + 0*l = 16. List the prime factors of l.
2
Suppose 0 = 5*v - 9 - 6. Let u(i) = i**3 + 2*i**2 + i + 2. Let k be u(-2). Suppose -v*t + t - 5*j + 16 = k, 0 = -3*j. List the prime factors of t.
2
Let b(t) = -t**3 - 6*t**2 + t - 5. Let c be b(-6). List the prime factors of (-75)/c - (-4)/22.
7
List the prime factors of (-6)/9 + 505/15.
3, 11
Let i = -239 - -337. List the prime factors of i.
2, 7
Let s be 2/(1 + -3)*0. Suppose s = -4*f + f + 12. Suppose -5*k + 57 = 4*c + 8, f*k = -2*c + 26. What are the prime factors of c?
11
Let z(x) = -x**3 - 6*x**2 + 3*x - 8. Let m = -13 - -6. List the prime factors of z(m).
2, 5
Let l be 4/(-1)*(-6)/4. Suppose 0*y - y + 21 = -5*a, 2*y + 2*a + l = 0. Let q = 1 + y. List the prime factors of q.
2
Suppose -86 = -3*h - 26. Suppose -18 - 2 = -2*k - m, 2*k - h = -4*m. List the prime factors of k.
2, 5
Let y be (-2 + 2 - 3)/(-1). Suppose 0*r = -y*r + 15. Suppose 21 = r*f + 1. What are the prime factors of f?
2
Let f(m) = -m**3 - 11*m**2 - 11*m - 5. Let z be f(-10). Suppose -3*c = -v - 7, -z*c + c = -3*v + 4. What are the prime factors of v?
2
What are the prime factors of 4/18 - 304/(-9)?
2, 17
Let j = 10 - 3. Let h = 0 + 